f t and k.
3
Let i(f) = 4*f - 2. Let o be i(2). Let z be o*1 - (-4)/(-2). Suppose -u + 130 = z*u. Calculate the greatest common divisor of u and 39.
13
Let r(g) = -g**3 - 3*g**2 + g. Let s be r(-4). What is the greatest common factor of 108 and s?
12
Let z be 6 + (1 + -2)/(-1). Let w = 6 - 12. Let o = w - -34. Calculate the greatest common divisor of o and z.
7
Let q be (1/(-3))/((-1)/9). Suppose -4*r + 29 + q = 0. What is the highest common divisor of 1 and r?
1
Suppose 4*d + 4*l = 25 + 15, 20 = 2*d + 3*l. What is the greatest common factor of 50 and d?
10
Suppose 2*f - 210 - 20 = 0. Calculate the greatest common divisor of 46 and f.
23
Let q(m) = -m - m + 4*m - 3*m. Let a be q(0). Suppose -4*b + 336 - 80 = a. Calculate the highest common divisor of 8 and b.
8
Suppose -3*q = -4*s - 4*q + 539, -s = -5*q - 161. Let a = s - 71. Let w be (0 - -1) + -2 - -14. What is the highest common divisor of w and a?
13
Suppose -4*u - 5*b + 55 = 20, 5*u + 3*b = 34. Let a = 0 + 2. Suppose 3*j = -4*i + 15, i = -a*j + u*i - 10. What is the greatest common divisor of j and 1?
1
Let z be 1 - 3/((-12)/(-2644)). Let d be (-56)/(-10)*z/(-24). What is the greatest common factor of 14 and d?
14
Let o(x) = 26*x - 2. Let g(s) = 25*s - 2. Let h(b) = -3*g(b) + 2*o(b). Let y be h(-2). What is the greatest common factor of y and 16?
16
Suppose -6*i = -7*i + 75. Calculate the greatest common divisor of 15 and i.
15
Suppose 3*m - 27 = -0*m. Suppose -3*k + m = -3*v, 0*v - 2*v = 5*k - 50. Calculate the highest common factor of k and 12.
4
Let b(h) = -40*h - 1. Let d be b(-5). Let y = d - 64. What is the highest common divisor of y and 15?
15
Suppose 0 = -8*v + 3*v + 35. Let b be 1*((0 - 0) + -5). Let p(n) = -14*n. Let w be p(b). What is the highest common factor of w and v?
7
Suppose 0 = -5*i - 20, -3*i = -3*h + 112 - 22. What is the greatest common divisor of 4 and h?
2
Let z(a) = -3*a - 1. Let t = 1 + -4. Let j be z(t). Let y(s) = s**2 - s - 4. Let r be y(-3). Calculate the highest common divisor of j and r.
8
Let k = 449 - 316. What is the highest common divisor of 19 and k?
19
Let y be -3 - (-1 - 2) - (-2 + 0). What is the highest common factor of y and 14?
2
Let f = -1 + 4. What is the greatest common factor of 3 and f?
3
Let x(d) = d + 1. Let o(j) = -21*j**2 + 7*j + 5. Let h(y) = -o(y) + 6*x(y). Let g be h(1). Calculate the greatest common divisor of 84 and g.
21
Let k(x) = -x**2 + 12*x + 35. Let i be k(14). Calculate the highest common divisor of i and 14.
7
Let o(p) = -p**2 + 20*p - 19. Let y be o(15). Calculate the greatest common factor of 140 and y.
28
Suppose 16 = 4*w - 4. Calculate the greatest common factor of w and 50.
5
Let d be ((-16)/(-20))/((-2)/35). Let z = -6 - d. What is the highest common divisor of 8 and z?
8
Suppose 8 - 38 = -5*j. Let g(h) = 6*h - 6. Let t(o) = o - 1. Let f(r) = g(r) - 5*t(r). Let p be f(4). Calculate the highest common divisor of j and p.
3
Suppose -f + 6 + 12 = m, -5*m - 38 = -3*f. Let j(r) = -15*r + 22. Let v be j(-6). What is the greatest common factor of v and f?
16
Let f be (1 - 5) + 0 + 32. What is the greatest common divisor of f and 42?
14
Let c = 0 - -4. Suppose r + c = 2*r. Let n = 17 - r. Calculate the highest common divisor of n and 26.
13
Let q = -6 + 10. Suppose 0*m + 395 = 3*m - 2*r, r = q*m - 530. Calculate the highest common factor of 19 and m.
19
Let w be (0 - -47) + 6 + (-2 - 2). Calculate the highest common divisor of 196 and w.
49
Suppose 0 = -5*v + 4*y + 278, -v - 3*v + 5*y + 226 = 0. What is the greatest common factor of v and 135?
27
Let o be (-8)/20 - 454/(-10). Suppose 2*l - 4*j = l + 25, l = 3*j + 21. Calculate the greatest common factor of o and l.
9
Suppose -5*f = 2*c - 0*c - 12, -4*f + 7 = -c. Let h = f + 6. Calculate the greatest common divisor of 32 and h.
8
Suppose -10*b + 129 + 121 = 0. Let u be (6/(-1))/((-4)/150). Calculate the greatest common divisor of u and b.
25
Suppose -53 = 4*h + a - 172, -5*h = -5*a - 155. Calculate the greatest common factor of h and 75.
15
Let p be 88/(-16)*(-4)/2. Let d = p + -1. Calculate the greatest common divisor of 25 and d.
5
Suppose -o = 2*m - 438, o + 2*o = -3*m + 657. Let z = m + -150. What is the highest common factor of 46 and z?
23
Let z be (-1)/((-2)/36) - 3. What is the greatest common divisor of 5 and z?
5
Let n(r) = r + 5. Let q be n(0). Suppose q*j + 35 = -0. Let h be (-1 + -23)*j/21. What is the greatest common factor of h and 72?
8
Let y = -46 - -60. Calculate the greatest common divisor of y and 112.
14
Let u = -28 + 49. Let y = 191 - 44. Calculate the greatest common factor of y and u.
21
Suppose 0*l + 5*l = 0. Suppose -55 = -l*w - 5*w. Suppose 10*u = 9*u + 77. Calculate the greatest common factor of w and u.
11
Let c be (-3 + 33)*(-4)/(-3). Calculate the highest common divisor of c and 5.
5
Let f = 4 - 2. Suppose -u + 95 = v - 16, u + f*v = 110. What is the greatest common factor of 16 and u?
16
Suppose 2*s + 20 = 6*s. Let g be 3/(s/(60/9)). Suppose 3*j - 460 = -g*t - j, -5*t - 3*j + 565 = 0. Calculate the greatest common divisor of 22 and t.
22
Let x = -202 + 332. Suppose w = -w + x. Let o be 308/26 - (-10)/w. What is the greatest common divisor of 60 and o?
12
Let x = 10 + -2. Suppose -49 = -2*n + 5*f, -2*f = -3*n - 0*n + 90. What is the highest common divisor of n and x?
8
Let g = -9 - -24. Let i be ((-18)/g)/(2/(-60)). What is the highest common divisor of i and 90?
18
Suppose -4*d = 2*d - 108. Calculate the greatest common divisor of d and 45.
9
Let x be (30/(-5) - -5)*-28. Calculate the highest common factor of 98 and x.
14
Suppose -5*f + 3 = -4*f. Suppose -f*o = -4*l - 43, 14 = 2*o - o - l. Suppose 2*v = 2*m - 116 + 288, 4*m = v - 71. What is the highest common factor of o and v?
13
Let x = 20 - 12. Calculate the highest common divisor of 88 and x.
8
Let b(r) = r**3 + 6*r**2 + 2*r + 14. Let w be b(-6). Calculate the highest common divisor of w and 16.
2
Let w = -7 + 12. Suppose -3*p + n = -463, 2*p - 775 = -3*p + w*n. Calculate the highest common divisor of p and 14.
14
Let l(j) = -j**2 + 12*j - 9. Let p be l(11). What is the highest common factor of 12 and p?
2
Suppose 3*u + 0*u = 2*p - 585, 5*p + u = 1505. Let h = p - 157. Suppose 31 = 2*x + 5*z, 3*x + 5*z = z + 43. Calculate the highest common divisor of x and h.
13
Suppose 0 = -19*n + 16*n + 3. Calculate the highest common divisor of 7 and n.
1
Let f = -98 - -152. What is the greatest common factor of f and 81?
27
Let u(d) = -2*d**2 + 4*d - 3. Let f be u(2). Let n be (-32)/24*1*f. Calculate the greatest common divisor of n and 32.
4
Let l(h) = -h**2 + 16*h + 34. Let i be l(17). Let m = 141 - 73. Calculate the highest common divisor of m and i.
17
Suppose 3*k + 13 = 2*y - 11, y - 17 = 4*k. What is the greatest common factor of y and 6?
3
Let f = 121 - 65. Let l = -2 + -4. Let c be 28/(4 + l/3). Calculate the greatest common factor of f and c.
14
Suppose 5*b + 50 = 2*m, 3*b = 9 - 3. What is the highest common factor of m and 210?
30
Suppose 40 = -4*n + 4*x, -33 = 5*n - x + 13. Let f(r) = r + 20. Let p be f(n). Calculate the greatest common divisor of 55 and p.
11
Let r = 603 - 79. Suppose 3*i = 5*s - r + 78, -4*i = -3*s + 272. Calculate the greatest common divisor of s and 11.
11
Suppose 0 = -71*r + 73*r - 76. Calculate the greatest common factor of r and 266.
38
Let p = -48 - -74. What is the highest common divisor of p and 13?
13
Suppose -4*j = -10 - 10. Calculate the greatest common factor of 10 and j.
5
Suppose u = -2*u + 372. Suppose 3*q + u = 5*q + b, -5*b = -q + 73. What is the highest common divisor of 9 and q?
9
Suppose -3 = -2*p + 1, 0 = -4*w + 2*p + 56. Suppose t - g - 62 = 0, -242 = -4*t - 0*g + g. What is the highest common factor of w and t?
15
Let s(x) be the third derivative of x**5/60 - x**4/8 - 7*x**3/6 + x**2. Let u be s(5). Suppose -49 = -c + u. What is the highest common factor of c and 13?
13
Let a be (-620)/(-10) + (-1 - -1) + 2. Calculate the highest common factor of a and 160.
32
Let h be (6 - -66)/((-2)/((-16)/6)). Let j(p) = p**2 - 2*p - 3. Let o be j(5). What is the highest common factor of h and o?
12
Let w be -2 - -5 - 42/(-3). Suppose -4*u + 16 = z, -u - 2*z + w = -5*z. Calculate the highest common divisor of u and 5.
5
Let k = 52 - 28. What is the highest co